 Let o be y(2). Let n = o - -32. What is the units digit of n?
8
Let x be (-6)/(-24) + (-278)/(-8). Let c = -7 + x. What is the units digit of 1/((-26)/c - -1)?
4
Let y(h) be the first derivative of h**3/3 + 9*h**2/2 - 8*h - 1. What is the units digit of y(-10)?
2
Let m be 4/14 + (-24)/(-14). Let j = m - 0. What is the units digit of j?
2
Let s = -33 - -73. What is the units digit of s?
0
Let f = 3 - 9. Let w(k) be the first derivative of k**3/3 + 3*k**2 + k - 2. What is the units digit of w(f)?
1
Let r = 1 + -1. Suppose 42 = 3*n - r*n. Suppose l + l - n = 0. What is the units digit of l?
7
Let z(u) = 24*u. Suppose 4*i = -i + 5. What is the tens digit of z(i)?
2
What is the tens digit of ((-93)/62)/((-1)/28)?
4
Let a be 2/(-2) - (2 - 2). What is the tens digit of a + 16/2 + 3?
1
Let r(a) = a**3 + a + 2. Let n be r(0). Suppose 3*k + 1 = -n, z - k = 5. What is the units digit of 0 + 6 + z + -2?
8
Let v = 26 + -15. Let s(q) = -v - 10 - 2*q + 9. What is the units digit of s(-8)?
4
Let g be 3 - (-1)/(4/76). Let t = g - 17. What is the units digit of t?
5
Let b(h) = 3*h - 5. Let p(v) = v**3 - 5*v**2 + 2*v - 6. Let m be p(5). What is the units digit of b(m)?
7
Suppose 7*o - 416 = -o. What is the tens digit of o?
5
Let p = 4 - 2. Suppose 0 = 3*n + p*n + 10. What is the units digit of 5*n*(-1)/5?
2
Suppose -t - 6 = -h, -2*h + 7 = -t - 4. Suppose h*z - 77 = 88. What is the tens digit of z?
3
Suppose 0*r = -3*r. Suppose r*s + 2*s = 8. What is the tens digit of 40/(-6)*(-6)/s?
1
Let c = 54 + -23. What is the units digit of c?
1
Let r = 12 + 7. What is the units digit of r?
9
Let f be (-1)/(-3) + 26/(-6). Let k(c) = -3 - c + 8 - 4 - 4. What is the units digit of k(f)?
1
Let u(x) be the first derivative of -3*x**2/2 + 6*x + 3. Let n be u(-6). Let k = n - 7. What is the units digit of k?
7
Suppose 4*q + 3 = -w + 5, -4*w + 3*q = 49. Let s(j) = -10*j + 3. Let o be s(2). Let l = w - o. What is the units digit of l?
7
Let g be (1/(-2))/((-5)/10). Suppose -2*r + 3 = -5*m + g, 4 = 4*r - 5*m. What is the units digit of r?
1
Suppose -h - 4*x - 20 = 0, 5*h + 7*x + 66 = 4*x. Let r = h - -22. What is the tens digit of r?
1
Let z(o) = -o**3 + 8*o**2 - o - 4. What is the tens digit of z(7)?
3
Suppose 0 = 5*v + 3*r - 898 - 360, -3*r + 496 = 2*v. What is the units digit of v?
4
Let l = -15 - -16. What is the units digit of (-3)/(2 - (2 + l))?
3
What is the units digit of (-1012)/(-16) - (-2)/(-8)?
3
Let a = 5 + -9. Let l = a + 6. What is the units digit of l?
2
Suppose 740 = -0*g + 5*g. What is the hundreds digit of g?
1
Let n = -25 - -16. Let g be (n + 29)*1/1. Let a = 33 - g. What is the tens digit of a?
1
Let k(d) = 8*d - 38. What is the tens digit of k(21)?
3
Let x(v) be the second derivative of v**4/12 - 2*v**2 + 4*v. What is the tens digit of x(5)?
2
Let y = 26 - -326. What is the hundreds digit of y?
3
Suppose -o = o - 2. Let g be o + (3 - (-4 + 0)). Suppose -g*w = -4*w - 48. What is the units digit of w?
2
Let i(t) = 5*t**2 + t + 3. What is the tens digit of i(4)?
8
Suppose 0 = -3*p + 2*p + 2. Suppose 5*x - 13 = -3*l + 4, 5*l - 7 = -3*x. What is the units digit of p*2 + 0/l?
4
Let l = -31 + 57. What is the tens digit of l?
2
Suppose 4*x - 1 - 15 = 0. What is the units digit of 1/(-4) + 29/x?
7
Suppose -17 + 3 = -2*u. Suppose 5*m - 2 = 3*m. Let j = u + m. What is the units digit of j?
8
Let d = 16 - 10. Suppose -h + 15 - d = 0. What is the units digit of h?
9
Suppose u - 3*b + 7 = 0, -2*u - 3*b = -8*b + 11. Suppose -u*y - 88 = -6*y. Let i = y + -12. What is the tens digit of i?
1
Let a = -5 + 8. Suppose -2*b = 4*i - 22, -2 = i + 4*b - 18. Suppose 8 = 4*l - a*l + i*w, -5*l + 4*w = -40. What is the units digit of l?
8
What is the tens digit of (3 + 15/(-6))*(-58)/(-1)?
2
Let v = -6 + 6. Suppose 0 = 5*x + p - 7, -x + 3*x + p - 1 = v. What is the tens digit of -2 + x*7 + -1?
1
Let a(b) = -b**2 + 5*b + 1. Let o be a(4). Suppose o*y - 3 = -43. Let k = 11 + y. What is the units digit of k?
3
Suppose 1029 = 5*x - 246. What is the hundreds digit of x?
2
Let m = -9 + 8. What is the units digit of 3 - 0 - (m + 3)?
1
Let p = 22 + -2. Suppose f + 4*f + p = 0. What is the units digit of 5 + 2 + f + 1?
4
Let g(d) = 7*d - 3. Let b(c) = -2*c - 7. Let p be b(-5). What is the tens digit of g(p)?
1
Suppose -4*u - 32 = 4*a, 2*a - 12 = 2*u - 0*u. Let c = u + 14. What is the units digit of c?
7
Let h be (3 + 0)*8/3. Suppose -4*l + 24 = -8*b + 4*b, -l - 6 = 2*b. Suppose 0 = -3*r + h + 1, l*m - 5*r + 3 = 0. What is the units digit of m?
6
What is the tens digit of (-6)/4*(-34 - 0)?
5
Let a(g) = 2*g**3 + 4*g**2 + 2*g - 1. Let y be a(-2). Let x = -2 - y. Suppose -3*p = -o + 1 - 3, -o = -4*p + x. What is the units digit of p?
1
Suppose 2*d - 3*j - 4 = 0, d + 2*j + 4 = 3*d. Suppose 0*b + 5 = -b + d*h, 2*h = 5*b + 1. What is the units digit of ((1 - 3)/b)/(-2)?
1
Let i = 10 + -4. Let c(a) = a**3 - 5*a**2 - 2*a - 3. What is the units digit of c(i)?
1
Let b = 4 - 2. Suppose 0 = b*u - 5*t + 6, t = -5*u + 18 - 6. Let d = 10 + u. What is the units digit of d?
2
Let f = -13 - -15. Suppose 81 = 5*y - f*y. What is the units digit of y?
7
Let t be (-11)/(-4) - 3/(-12). Suppose 88 = t*l + 34. What is the units digit of l?
8
What is the units digit of 843/13 + (-2)/(-13)?
5
Let r(h) = 2*h**2 - 8*h - 10. What is the hundreds digit of r(13)?
2
What is the tens digit of (-1476)/(-10) + 2/5*1?
4
Let d(r) = r**2 - 11*r - 25. What is the units digit of d(16)?
5
Suppose 4*p + 7 = -3*h + 40, 4*h = -5*p + 42. Suppose -q - 3*n - p = -14, 4 = 2*n. Suppose q*z = 4*a - a - 16, 2*a + 2*z + 6 = 0. What is the units digit of a?
2
Suppose 15*l - 42 = 13*l. What is the units digit of l?
1
What is the tens digit of (-12)/8*(-88)/12?
1
Let c be -3 - -4 - (-1)/(-1). Let h = c + -7. Let d = -5 - h. What is the units digit of d?
2
Let c = 41 + -15. What is the tens digit of c?
2
Let i = -13 + 18. Let a(o) = o - 12. Let m(w) = -2*w + 23. Let j(v) = i*a(v) + 3*m(v). What is the units digit of j(4)?
5
Let q(v) = -v**2 - 14*v - 15. Let y be q(-13). Let i(h) = -3*h + 1. Let b be i(5). What is the units digit of y - (0 + 1 + b)?
1
Let k(w) = w**2 + 6*w. Suppose 2*z + 4*y = -0*z + 2, z = 5*y - 34. What is the tens digit of k(z)?
2
Let s be 2/(-3)*42/(-4). Suppose h = 3*w + 2*h - 3, -2*w + h + s = 0. What is the units digit of w - ((-9)/3 - -2)?
3
Suppose 5*j + 3*h - 59 = -206, -4*h = j + 26. What is the tens digit of ((-156)/j)/(2/20)?
5
Suppose -4*a - 4*n = -24 - 100, -3*n = 2*a - 62. Suppose 0 = 2*d + 4*g - 83 + a, g = 5*d - 174. What is the units digit of d?
4
Suppose -4*h + 219 = 55. What is the tens digit of h?
4
Let l(y) = 6*y - 1. Suppose -10 = 6*q - q. Let a = q + 3. What is the units digit of l(a)?
5
Suppose -3*b - 20 = 4*q, -18 = b + 2*b + 3*q. Let v be 20*(0 - 19/b). Suppose 3*c + 2*c + 3*g = v, 17 = c + g. What is the units digit of c?
2
Suppose -2*q + 667 = 5*y, -q - 2 = 2. What is the units digit of y?
5
Suppose 5*i = -4*m - 13, 2*m + 3*i = -0*i - 9. Suppose j + m = -w + 10, -3*w = -3*j - 15. What is the units digit of 2/1 + (w - 1)?
7
Suppose 297 = -7*r + 906. What is the units digit of r?
7
Let w(z) = -z**3 + z**2 + 31. What is the units digit of w(0)?
1
What is the units digit of 5*((-7)/(-5) + -1) - -293?
5
Let x = 7 + -4. Let b = 22 - x. What is the units digit of b?
9
Suppose 4*y = 5*y - 7. Let n(r) = -r**3 + 8*r**2 - 8*r + 9. What is the units digit of n(y)?
2
Let w = -9 + 12. Suppose 4*q + q - 20 = 4*v, -12 = -3*q - 2*v. Suppose -q*l + 4 = 2*h - w*l, 5*l = 0. What is the units digit of h?
2
Let f(x) = 2*x**2 - x + 1. Let u be f(2). Let p = 7 + u. What is the units digit of p?
4
What is the units digit of (15 + 4)*3 + 0?
7
Let l be 2/(1*1/(-3)). Let g be (3 + l - -6) + -22. Let k = -5 - g. What is the units digit of k?
4
Let j(f) = f**3 - 6*f**2 - 4*f - 9. What is the tens digit of j(7)?
1
Let k be 268/14 - 2/14. Suppose 2*q - 11 - 7 = 2*j, 4*j + 2*q + 60 = 0. Let x = j + k. What is the units digit of x?
6
What is the units digit of (-174)/9*(-3)/2?
9
Suppose 0 = -5*j + 13 + 2. Suppose -s = j*s - 60. Let b = s + -7. What is the units digit of b?
8
Let u(s) be the third derivative of 0*s + 1/24*s**4 + 0 + 1/6*s**3 + s**2. What is the units digit of u(3)?
4
Suppose -9 - 1 = -5*h. Suppose -h*g + 34 = 2*v, -2*g + 